{"id":3858,"date":"2016-02-01T12:50:48","date_gmt":"2016-02-01T12:50:48","guid":{"rendered":"https:\/\/www.puspfc.usp.br\/?page_id=11"},"modified":"2016-02-01T12:50:48","modified_gmt":"2016-02-01T12:50:48","slug":"sobre-o-campus","status":"publish","type":"page","link":"https:\/\/www.puspfc.usp.br\/index.php\/sobre-nos\/sobre-o-campus\/","title":{"rendered":"&#8220;O Campus&#8221;"},"content":{"rendered":"<p class=\"texto_site\" align=\"justify\">Pirassununga \u00e9 uma cidade privilegiada que fica \u00e0s margens da Via Anhanguera, a 210 km de S\u00e3o Paulo, a 100 km de Campinas e igual dist\u00e2ncia de Ribeir\u00e3o Preto, em regi\u00e3o de acesso muito f\u00e1cil, de terras f\u00e9rteis e de clara voca\u00e7\u00e3o para a produ\u00e7\u00e3o de alimentos.<\/p>\n<p align=\"justify\">Era uma fazenda que em 1945 iniciou suas atividades como Escola Pr\u00e1tica de Agricultura Fernando Costa e, em outubro de 1989, tornou-se Campus da USP.<\/p>\n<p align=\"justify\">O Conselho Universit\u00e1rio da Universidade de S\u00e3o Paulo (USP) aprovou dia 13\/10\/2015,\u00a0 por unanimidade, a proposta de autoria do Prof. Dr. Ricardo de Albuquerque, que visava a reinser\u00e7\u00e3o do nome de Fernando Costa \u00e0 denomina\u00e7\u00e3o \u201cCampus da USP de Pirassununga\u201d.\u00a0Desde o final dos anos de 1950, a Escola Pr\u00e1tica de Agricultura (EPA) de Pirassununga j\u00e1 tinha a denomina\u00e7\u00e3o de \u201cFernando Costa\u201d. O mesmo se deu com o IZIP &#8211; Instituto de Zootecnia e Ind\u00fastrias Pecu\u00e1rias e o CIZIP &#8211; Centro Intraunidade de Zootecnia e Ind\u00fastrias Pecu\u00e1rias \u201cFernando Costa\u201d.<\/p>\n<p align=\"justify\">De acordo com as palavras do reitor Prof Dr\u00a0Marco Antonio Zago: \u201c\u00c9 uma just\u00edssima homenagem a essa personalidade que foi secret\u00e1rio estadual da Agricultura, ministro da Agricultura, interventor federal em S\u00e3o Paulo e foi o respons\u00e1vel pela cria\u00e7\u00e3o do Instituto Biol\u00f3gico, do Museu Agr\u00edcola, do Parque da \u00c1gua Branca e da Escola Pr\u00e1tica de Agricultura, que deu origem ao\u00a0<em>campus<\/em>\u00a0de Pirassununga&#8221; (<a href=\"https:\/\/jornal.usp.br\/institucional\/press-release\/inauguracoes-marcam-a-cerimonia-de-mudanca-de-nome-do-campus-usp-fernando-costa\/\" target=\"_blank\" rel=\"noopener\">Jornal USP, 2016)<\/a><\/p>\n<p class=\"texto_site\" align=\"justify\">O Campus USP Fernando Costa, o maior em \u00e1rea cont\u00edgua desta Universidade, \u00e9 administrado pela Prefeitura do Campus Fernando Costa (PUSP-FC) e conta com mais de 2200 hectares de \u00e1rea total. Nessa \u00e1rea, merecem destaque: aproximadamente 1000 ha de pastagens tropicais, 300 ha de culturas anuais, instala\u00e7\u00f5es zoot\u00e9cnicas e rebanhos de bovinos de corte e leite, su\u00ednos, equinos, caprinos, ovinos, b\u00fafalos, coelhos e peixes, matadouro-escola, lactic\u00ednio, centro de eventos, anfiteatro, col\u00f4nias e moradia estudantil, Unidade B\u00e1sica de Sa\u00fade (UBAS) e refeit\u00f3rio, al\u00e9m de setor de esportes, reservas florestais e ecol\u00f3gicas permanentemente monitoradas, vida silvestre, trilhas ecol\u00f3gicas, represas e sistema de capta\u00e7\u00e3o de \u00e1gua.<\/p>\n<p class=\"texto_site\" align=\"justify\">\u00c9 uma das \u00fanicas Universidades do mundo que possui a cadeia produtiva animal completa, desde a fase do nascimento at\u00e9 o abate, contando com uma estrutura moderna de laborat\u00f3rios, f\u00e1brica de ra\u00e7\u00f5es, produ\u00e7\u00e3o agr\u00edcola,\u00a0 latic\u00ednios, abatedouro, se\u00e7\u00e3o de vendas, hospital veterin\u00e1rio, melhoramento gen\u00e9tico, reprodu\u00e7\u00e3o e bem estar animal.<\/p>\n<p class=\"texto_site\" align=\"justify\">Modernos equipamentos e implementos agr\u00edcolas, sistemas de irriga\u00e7\u00e3o e a ado\u00e7\u00e3o de eficientes t\u00e9cnicas garantem ao Campus a produ\u00e7\u00e3o de alimentos destinados aos animais utilizados nos experimentos e nas atividades did\u00e1ticas. Al\u00e9m disso, tal produ\u00e7\u00e3o tamb\u00e9m \u00e9 uma das fontes de suprimento dos restaurantes universit\u00e1rios da USP, especialmente no que se refere a carnes processadas e in natura, leite e derivados (sorvetes, queijos, iogurtes, por exemplo), com\u00a0certificado de registro do Servi\u00e7o de Inspe\u00e7\u00e3o de S\u00e3o Paulo (Sisp).<\/p>\n<p class=\"texto_site\" align=\"justify\">Atualmente o Campus engloba as seguintes unidades:<\/p>\n<p class=\"texto_site\" align=\"center\"><a href=\"https:\/\/www.puspfc.usp.br\" target=\"_blank\" rel=\"noopener\">Prefeitura do Campus USP Fernando Costa &#8211; PUSP-FC<\/a><\/p>\n<p class=\"texto_site\" align=\"center\"><a href=\"http:\/\/www.fzea.usp.br\" target=\"_blank\" rel=\"noopener\">Faculdade de Zootecnia e Engenharia de Alimentos &#8211; FZEA<\/a><\/p>\n<p class=\"texto_site\" align=\"center\"><a href=\"http:\/\/www.fmvz.usp.br\" target=\"_blank\" rel=\"noopener\">Faculdade de Medicina Veterin\u00e1ria e Zootecnia &#8211; FMVZ <\/a><\/p>\n","protected":false},"excerpt":{"rendered":"<p>Pirassununga \u00e9 uma cidade privilegiada que fica \u00e0s margens da Via Anhanguera, a 210 km de S\u00e3o Paulo, a 100 km de Campinas e igual dist\u00e2ncia de Ribeir\u00e3o Preto, em regi\u00e3o de acesso muito f\u00e1cil, de terras f\u00e9rteis e de clara voca\u00e7\u00e3o para a produ\u00e7\u00e3o de alimentos. Era uma fazenda&#46;&#46;&#46;<\/p>\n","protected":false},"author":1,"featured_media":0,"parent":1363,"menu_order":0,"comment_status":"closed","ping_status":"closed","template":"","meta":{"footnotes":"","_links_to":"","_links_to_target":""},"class_list":["post-3858","page","type-page","status-publish","hentry"],"_links":{"self":[{"href":"https:\/\/www.puspfc.usp.br\/index.php\/wp-json\/wp\/v2\/pages\/3858","targetHints":{"allow":["GET"]}}],"collection":[{"href":"https:\/\/www.puspfc.usp.br\/index.php\/wp-json\/wp\/v2\/pages"}],"about":[{"href":"https:\/\/www.puspfc.usp.br\/index.php\/wp-json\/wp\/v2\/types\/page"}],"author":[{"embeddable":true,"href":"https:\/\/www.puspfc.usp.br\/index.php\/wp-json\/wp\/v2\/users\/1"}],"replies":[{"embeddable":true,"href":"https:\/\/www.puspfc.usp.br\/index.php\/wp-json\/wp\/v2\/comments?post=3858"}],"version-history":[{"count":0,"href":"https:\/\/www.puspfc.usp.br\/index.php\/wp-json\/wp\/v2\/pages\/3858\/revisions"}],"up":[{"embeddable":true,"href":"https:\/\/www.puspfc.usp.br\/index.php\/wp-json\/wp\/v2\/pages\/1363"}],"wp:attachment":[{"href":"https:\/\/www.puspfc.usp.br\/index.php\/wp-json\/wp\/v2\/media?parent=3858"}],"curies":[{"name":"wp","href":"https:\/\/api.w.org\/{rel}","templated":true}]}}